0
Suppose 2*m = 10, 86 = 4*r + 5*m - 27. What is the highest common divisor of r and 220?
22
Let i be 3261/21 + (-10)/35. Let s be (-4)/8 + i/2. Let f be 6/4*(-28)/(-6). Calculate the greatest common factor of s and f.
7
Let v(y) = y**3 - 6*y**2 - 5*y + 10. Let t be v(8). Suppose 11 + 14 = -5*j. Let x(f) = -4*f - 6. Let h be x(j). What is the greatest common factor of h and t?
14
Let d be (6/(-3) - -3) + 3. Suppose -g - z = d + 2, 5*g - 5*z + 30 = 0. Let f = g - -13. What is the highest common factor of 28 and f?
7
Suppose 6*t - 7*t = -65. Suppose -2*u + 8 = 2*u, f = -5*u + 10. Suppose 3*n = f, -4*q - 3*n = -2*q - 26. What is the highest common factor of t and q?
13
Suppose 5 = -3*m + 2*m. Let g = m - -5. Suppose 0 = 2*s + 8, 3*s - 42 = -3*c - g*c. What is the highest common factor of 27 and c?
9
Let c(s) be the second derivative of -4*s**3/3 - 2*s**2 - s. Let f be c(4). Let k = -16 - f. Calculate the greatest common factor of k and 8.
4
Let b = 119 + -13. Let a = -8 + b. Suppose -14 = -3*i + 2*i. What is the greatest common divisor of i and a?
14
Suppose -4*t + m = -133 - 15, -2*m + 160 = 4*t. Let k(r) = 14*r**2 - 2*r - 3. Let u be k(-2). What is the greatest common factor of t and u?
19
Let t = 13 - 7. Suppose 3*b - b - t = 0. What is the greatest common divisor of 1 and b?
1
Suppose -3*v = -5*i + v + 24, 0 = -i + 2*v + 6. Suppose n = 3*a - 6, -4*a - 3*n + i*n = -8. Suppose p = a*p - 6. Calculate the highest common factor of 3 and p.
3
Suppose -2*r + 82 = -28. Calculate the greatest common factor of 11 and r.
11
Let b = -69 - -153. Suppose b = 4*w - 80. Let v = w - 26. What is the greatest common divisor of v and 3?
3
Let h(s) = 14*s**2 + s - 6. Let i be h(7). Let g be 2/11 + i/33. Let c = -11 + g. What is the highest common factor of 25 and c?
5
Let n(p) = -6*p**2. Let x be n(-1). Suppose 5*j + 6 = -54. Let f be (-28)/x*j/(-8). What is the highest common factor of f and 63?
7
Let u be 20*1 - 3 - 0. What is the greatest common factor of u and 34?
17
Suppose 6*i - 7*i = 0. Suppose 2*g = -2*y + 3*y - 12, 2*y = -5*g - 12. Suppose i*z + 8 = y*z. Calculate the highest common factor of z and 22.
2
Let k be 6/10 + (-248)/(-20). Suppose -4*x = -2*x - 26. What is the greatest common divisor of k and x?
13
Let i(q) = -q + 3. Let u be -2*-14*(-1)/4. Let f be i(u). Let w = 13 - 11. Calculate the highest common factor of w and f.
2
Let z(y) = 28*y - 5. Let m be z(7). Suppose d = -3*p + 117, 5*p + 4*d - m = d. Calculate the highest common divisor of 60 and p.
20
Let d(b) = -b**3 - 4*b**2 + 3*b + 5. Let n be d(-5). Calculate the greatest common divisor of 105 and n.
15
Suppose -23*q + 20 = -22*q. Calculate the highest common factor of q and 15.
5
Let u(m) = -m**2 + 2. Let v be u(0). Suppose 4*o = -r + 264, 5*r + 0*r - 132 = -v*o. Calculate the highest common divisor of 6 and o.
6
Suppose -5*y + 57 = -2*y. Suppose 3*s = -3*i + 129, 108 = 3*i - 5*s + 19. What is the greatest common factor of y and i?
19
Let z = -4 - -15. Let g = 11 - 0. What is the highest common divisor of z and g?
11
Let o be 8/(-12) + 224/12. What is the greatest common divisor of o and 9?
9
Let q = 23 - 18. What is the highest common divisor of q and 35?
5
Let f(x) be the first derivative of x**4/4 + 7*x**3/3 - 9*x**2/2 + 4*x - 17. Let w = 20 + -28. Let p be f(w). Calculate the greatest common divisor of 24 and p.
12
Let t be 3/9 + 80/(-6). Let k = 29 - t. What is the highest common factor of k and 63?
21
Let h(z) be the third derivative of 1/60*z**5 + 0*z + 4*z**2 - 1/8*z**4 + 1/2*z**3 + 0. Let o be h(2). Calculate the highest common divisor of 5 and o.
1
Suppose -2*q - 71 = 2*v - 5*q, 3*v - 2*q = -114. Let l = 69 + v. Let m be (-2)/4 - l/(-2). What is the greatest common divisor of 126 and m?
14
Let g be 18/(-81) - 20/(-9). Suppose 3*x + 19 = r, -4*r = g*x - 117 - 1. Let h be 42 - (2/2 - 1). What is the greatest common divisor of r and h?
14
Suppose 0 = 2*f + 11 - 35. Calculate the highest common divisor of f and 3.
3
Suppose -7*s + 1390 = -2*s. Suppose 460 = 5*t + p + 112, p - s = -4*t. Calculate the highest common factor of 7 and t.
7
Let k = 9 + 0. Calculate the greatest common factor of 36 and k.
9
Suppose -4 = q - 3*h - 13, -3*q - 5*h = -27. Suppose 0*v = 4*v - 288. Calculate the greatest common divisor of v and q.
9
Let k be (1 + -2)*2*2*-8. What is the greatest common divisor of 80 and k?
16
Suppose -5*v = 2*w + 4, w - 2*v + 12 = -7*v. Let z = 46 - 14. Calculate the highest common divisor of w and z.
8
Let v(z) = -z**3 - 15*z**2 - 14*z + 9. Let t be v(-14). Calculate the highest common divisor of t and 9.
9
Let y(h) = h**3 + 7*h**2 - 7*h + 10. Let o be y(-8). Suppose -o*w = -7*w + 90. What is the greatest common factor of w and 126?
18
Suppose -243 - 63 = -2*l. Let b be ((-17)/4)/(13/(-52)). What is the highest common factor of l and b?
17
Let x = 61 - 21. Let r(f) = 16*f + 1. Let g be r(1). Suppose 4*m - 15 - g = 0. What is the highest common divisor of x and m?
8
Suppose -13 + 71 = 2*y. What is the highest common divisor of y and 87?
29
Let r = -15 + 17. Suppose r*d + d = 6. What is the greatest common divisor of 6 and d?
2
Let g be 2 - (3 + -3) - -17. Suppose 5*l - 21 = g. What is the highest common divisor of l and 88?
8
Suppose 5*t + 7*t = 192. Calculate the highest common factor of 176 and t.
16
Let y = -88 - -205. Suppose -4*w + 22 = 3*i + 3, 3*w = -15. What is the highest common divisor of y and i?
13
Suppose -8*v = -3*v - 10. Let h(b) = 11*b**3 + b**2 + 1. Let q be h(v). Suppose -4*c = -q - 3. Calculate the highest common factor of 6 and c.
6
Suppose -4*z - z = 2*b - 41, 10 = 2*z. Suppose 0 = 4*m - 4*u - 220, -4*m + u + 0*u + 223 = 0. What is the highest common divisor of m and b?
8
Let p be ((-64)/6)/((-1)/3). Suppose -4*j - p = -2*f + 22, 3*j = 3. Suppose 0 = 5*z - 391 - f. Calculate the highest common divisor of z and 12.
12
Let k = -55 - -85. What is the greatest common factor of 15 and k?
15
Let i(h) = 8*h - 4. Let o be i(6). Let d = o + 19. What is the greatest common factor of 7 and d?
7
Suppose 0 = -2*l + 4*l - 42. Suppose l + 12 = k. Let d be -4*((-18)/4 + -1). Calculate the highest common divisor of k and d.
11
Suppose 0*f = -f + 72. What is the greatest common factor of 4 and f?
4
Let t(k) = k**3 + 5*k**2 + 3*k - 2. Let a be t(-3). Let x = 63 + -42. Calculate the greatest common divisor of x and a.
7
Suppose 0 = 2*w + 2, -3*n - w + 79 = -n. What is the highest common divisor of n and 10?
10
Let w = 3 + -2. Let g = 0 + w. Suppose 3*x = 5*h, x + 0*x = 2*h - g. What is the highest common divisor of x and 10?
5
Let k(l) = l**3 - 3*l**2 + 3*l - 10. Let r be k(4). Calculate the highest common factor of 9 and r.
9
Let g(o) = -o**2 + 5*o - 5. Let w be g(5). Let q(s) = -s**2 - 5*s + 3. Let n be q(w). What is the highest common divisor of n and 21?
3
Let u be -3 - (9/54 - (-254)/(-12)). What is the highest common divisor of u and 9?
9
Let z be -3 + (2 - 68/(-2)). Calculate the highest common divisor of z and 88.
11
Suppose -17*m = -16*m - 69. Calculate the greatest common divisor of 46 and m.
23
Suppose 7*s - 200 = -3*q + 2*s, -q + s = -64. What is the greatest common divisor of q and 39?
13
Let i be -2*(4/2 - 3). Suppose 4*s - 410 = -2*z, -s - i*z = -5*s + 430. Calculate the highest common factor of 70 and s.
35
Let x = -369 + 528. Let s = -107 + x. Calculate the greatest common divisor of 13 and s.
13
Let s be (2/4)/((-3)/6). Let j = 4 + s. Let d(u) = 16*u**2 - 2*u - 3. Let m be d(j). What is the greatest common factor of 15 and m?
15
Let c = -6 - -3. Let d be ((-2)/(-6))/(c/(-153)). What is the highest common factor of d and 153?
17
Let u(k) = 3*k**2 + 4*k. Let l be u(-3). Suppose -6*a = -a - 30. Let o(b) = 26*b + 9. Let n be o(a). What is the highest common divisor of l and n?
15
Let z(a) = -6*a + 56. Let x be z(7). What is the highest common divisor of x and 2?
2
Let z be (-4)/6 - (-50)/3. Let d(x) = x + 5. Let w be d(0). Let n = -3 + w. Calculate the highest common divisor of z and n.
2
Let z = -92 - -181. Suppose 5*l + z = 4*t, -t - t - l + 41 = 0. What is the highest common divisor of 14 and t?
7
Suppose -3*y - 1 = 2*c, 5*c - y = 2*c - 18. Let j(w) = -w**2 - 8*w - 5. Let h be j(c). Calculate the highest common factor of 40 and h.
10
Suppose -8*n = -3*n - 6